{"id":8431,"date":"2025-11-12T23:00:08","date_gmt":"2025-11-12T22:00:08","guid":{"rendered":"https:\/\/canaldumidiexperience.fr\/?page_id=8431"},"modified":"2025-12-17T21:50:06","modified_gmt":"2025-12-17T20:50:06","slug":"hebergement","status":"publish","type":"page","link":"https:\/\/canaldumidiexperience.fr\/?page_id=8431","title":{"rendered":"H\u00e9bergement"},"content":{"rendered":"\n<div class=\"wp-block-obb-hero-block alignfull organic-block obb-hero obb-position-center-center obb-has-featured-img obb-featured-img-parallax obb-window-height is-style-obb-no-crop\" style=\"background-color:#006e6e;background-image:url(https:\/\/canaldumidiexperience.fr\/wp-content\/uploads\/2025\/12\/AdobeStock_624856468.jpeg);min-height:640px\"><svg class=\"clipping-path\" width=\"0\" height=\"0\"><defs><clipPath id=\"wave-curve-right\" clipPathUnits=\"objectBoundingBox\" transform=\"scale(0.01, 0.02)\"><path d=\"M100,0H0v44.7c0,0,8.1,4.8,26.4,5C48.7,49.8,59,38.5,79,37.3c12.7-0.7,21,4.6,21,4.6V0z\"><\/path><\/clipPath><\/defs><\/svg><svg class=\"clipping-path\" width=\"0\" height=\"0\"><defs><clipPath id=\"wave-curve-left\" clipPathUnits=\"objectBoundingBox\" transform=\"scale(0.01, 0.02)\"><path d=\"M0,0l100,0v44.7c0,0-8.1,4.8-26.4,5C51.3,49.8,41,38.5,21,37.3C8.2,36.6,0,41.9,0,41.9L0,0z\"><\/path><\/clipPath><\/defs><\/svg><svg class=\"clipping-path\" width=\"0\" height=\"0\"><defs><clipPath id=\"bulge\" clipPathUnits=\"objectBoundingBox\" transform=\"scale(0.01, 0.02)\"><path d=\"M100,40c0,0-20.7,10-50,10S0,40,0,40V0h100V40z\"><\/path><\/clipPath><\/defs><\/svg><div class=\"obb-content-overlay\" style=\"background-color:#006e6e;opacity:0\"><\/div><div class=\"obb-hero-content\" style=\"max-width:1280px\">\n<div class=\"wp-block-group obb-featured-img is-layout-flow wp-block-group-is-layout-flow\"><figure class=\"wp-block-post-featured-image\"><img loading=\"lazy\" decoding=\"async\" width=\"2400\" height=\"1350\" src=\"https:\/\/i0.wp.com\/canaldumidiexperience.fr\/wp-content\/uploads\/2025\/12\/AdobeStock_624856468.jpeg?fit=2400%2C1350&amp;ssl=1\" class=\"attachment-post-thumbnail size-post-thumbnail wp-post-image\" alt=\"\" style=\"object-fit:cover;\" srcset=\"https:\/\/i0.wp.com\/canaldumidiexperience.fr\/wp-content\/uploads\/2025\/12\/AdobeStock_624856468.jpeg?w=5000&amp;ssl=1 5000w, https:\/\/i0.wp.com\/canaldumidiexperience.fr\/wp-content\/uploads\/2025\/12\/AdobeStock_624856468.jpeg?resize=300%2C169&amp;ssl=1 300w, https:\/\/i0.wp.com\/canaldumidiexperience.fr\/wp-content\/uploads\/2025\/12\/AdobeStock_624856468.jpeg?resize=1024%2C576&amp;ssl=1 1024w, https:\/\/i0.wp.com\/canaldumidiexperience.fr\/wp-content\/uploads\/2025\/12\/AdobeStock_624856468.jpeg?resize=768%2C432&amp;ssl=1 768w, https:\/\/i0.wp.com\/canaldumidiexperience.fr\/wp-content\/uploads\/2025\/12\/AdobeStock_624856468.jpeg?resize=1536%2C864&amp;ssl=1 1536w, https:\/\/i0.wp.com\/canaldumidiexperience.fr\/wp-content\/uploads\/2025\/12\/AdobeStock_624856468.jpeg?resize=2048%2C1152&amp;ssl=1 2048w, https:\/\/i0.wp.com\/canaldumidiexperience.fr\/wp-content\/uploads\/2025\/12\/AdobeStock_624856468.jpeg?resize=980%2C551&amp;ssl=1 980w, https:\/\/i0.wp.com\/canaldumidiexperience.fr\/wp-content\/uploads\/2025\/12\/AdobeStock_624856468.jpeg?w=3000&amp;ssl=1 3000w\" sizes=\"auto, (max-width: 1000px) 100vw, 1000px\" data-attachment-id=\"8782\" data-permalink=\"https:\/\/canaldumidiexperience.fr\/?attachment_id=8782\" data-orig-file=\"https:\/\/i0.wp.com\/canaldumidiexperience.fr\/wp-content\/uploads\/2025\/12\/AdobeStock_624856468.jpeg?fit=5000%2C2813&amp;ssl=1\" data-orig-size=\"5000,2813\" data-comments-opened=\"1\" data-image-meta=\"{&quot;aperture&quot;:&quot;10&quot;,&quot;credit&quot;:&quot;magann - stock.adobe.com&quot;,&quot;camera&quot;:&quot;ILCE-7RM2&quot;,&quot;caption&quot;:&quot;An image of boats at canal Carcassonne France&quot;,&quot;created_timestamp&quot;:&quot;1687977800&quot;,&quot;copyright&quot;:&quot;&quot;,&quot;focal_length&quot;:&quot;142&quot;,&quot;iso&quot;:&quot;160&quot;,&quot;shutter_speed&quot;:&quot;0.00625&quot;,&quot;title&quot;:&quot;boats at canal Carcassonne France&quot;,&quot;orientation&quot;:&quot;1&quot;}\" data-image-title=\"boats at canal Carcassonne France\" data-image-description=\"\" data-image-caption=\"&lt;p&gt;An image of boats at canal Carcassonne France&lt;\/p&gt;\n\" data-large-file=\"https:\/\/i0.wp.com\/canaldumidiexperience.fr\/wp-content\/uploads\/2025\/12\/AdobeStock_624856468.jpeg?fit=1024%2C576&amp;ssl=1\" \/><\/figure><\/div>\n<\/div><\/div>\n\n\n\n<p class=\"has-dark-gray-color has-text-color has-link-color has-medium-font-size wp-elements-cbe1a3c470202542ddb836c7a6d2eb6b wp-block-paragraph\">Pour vivre pleinement <em>Canal du Midi Exp\u00e9rience<\/em>, pr\u00e9parez votre nuit d\u2019\u00e9tape entre les deux journ\u00e9es de course.<\/p>\n\n\n\n<hr class=\"wp-block-separator has-text-color has-light-gray-color has-alpha-channel-opacity has-light-gray-background-color has-background is-style-wide\"\/>\n\n\n\n<p class=\"has-dark-gray-color has-text-color has-link-color wp-elements-bc9dca9a7a52176466814d585b2afff3 wp-block-paragraph\">Les participants sont libres d\u2019organiser leur h\u00e9bergement pour la nuit du samedi 23 au dimanche 24 mai 2026, \u00e0 proximit\u00e9 de Carcassonne, point d\u2019arriv\u00e9e de la deuxi\u00e8me \u00e9tape et de d\u00e9part de la troisi\u00e8me.<\/p>\n\n\n\n<div class=\"wp-block-buttons is-layout-flex wp-block-buttons-is-layout-flex\">\n<div class=\"wp-block-button\"><a class=\"wp-block-button__link has-accent-primary-color has-dark-gray-background-color has-text-color has-background has-link-color wp-element-button\" href=\"https:\/\/www.tourisme-carcassonne.fr\/preparer\/hebergements\/\" target=\"_blank\" rel=\"noreferrer noopener\">se rensEigner sur les h\u00c9bergements \u00c0 carcassonne<\/a><\/div>\n<\/div>\n\n\n\n<p class=\"has-dark-gray-color has-text-color has-link-color wp-elements-3aad97cdc0d8c6fede0d0ddbe86e1d9e wp-block-paragraph\">Une liste d\u2019h\u00f4tels, g\u00eetes et campings partenaires sera prochainement disponible sur le site, afin de faciliter vos r\u00e9servations.<br>Ces \u00e9tablissements ont \u00e9t\u00e9 s\u00e9lectionn\u00e9s pour leur proximit\u00e9 avec le parcours, leur accueil des sportifs et leurs horaires adapt\u00e9s \u00e0 la course.<\/p>\n\n\n\n<p class=\"has-dark-gray-color has-text-color has-link-color wp-elements-6be3b55adb5b4d104f283a81992a5202 wp-block-paragraph\">Nous vous recommandons de r\u00e9server d\u00e8s que possible : le week-end de la Pentec\u00f4te attire de nombreux visiteurs dans la r\u00e9gion.<\/p>\n","protected":false},"excerpt":{"rendered":"<p><strong>STAX<\/strong> is a block-based Full-Site Editor WordPress theme. <em>Translation<\/em> \u2014 <strong>STAX<\/strong> makes it incredibly easy to design and build an entire WordPress website without any builder plugins.<\/p>\n","protected":false},"author":273367569,"featured_media":8782,"parent":0,"menu_order":0,"comment_status":"closed","ping_status":"closed","template":"","meta":{"_crdt_document":"","footnotes":""},"class_list":["post-8431","page","type-page","status-publish","has-post-thumbnail","hentry"],"yoast_head":"<!-- This site is optimized with the Yoast SEO plugin v27.5 - https:\/\/yoast.com\/product\/yoast-seo-wordpress\/ -->\n<title>H\u00e9bergement - Canal du Midi Experience<\/title>\n<meta name=\"description\" content=\"Pr\u00e9parez votre nuit d\u2019\u00e9tape \u00e0 Carcassonne pour la Canal du Midi Exp\u00e9rience : h\u00f4tels, g\u00eetes et campings partenaires \u00e0 proximit\u00e9 du parcours.\" \/>\n<meta name=\"robots\" content=\"index, follow, max-snippet:-1, max-image-preview:large, max-video-preview:-1\" \/>\n<link rel=\"canonical\" href=\"https:\/\/canaldumidiexperience.fr\/?page_id=8431\" \/>\n<meta property=\"og:locale\" content=\"fr_FR\" \/>\n<meta property=\"og:type\" content=\"article\" \/>\n<meta property=\"og:title\" content=\"H\u00e9bergement - Canal du Midi Experience\" \/>\n<meta property=\"og:description\" content=\"Pr\u00e9parez votre nuit d\u2019\u00e9tape \u00e0 Carcassonne pour la Canal du Midi Exp\u00e9rience : h\u00f4tels, g\u00eetes et campings partenaires \u00e0 proximit\u00e9 du parcours.\" \/>\n<meta property=\"og:url\" content=\"https:\/\/canaldumidiexperience.fr\/?page_id=8431\" \/>\n<meta property=\"og:site_name\" content=\"Canal du Midi Experience\" \/>\n<meta property=\"article:modified_time\" content=\"2025-12-17T20:50:06+00:00\" \/>\n<meta property=\"og:image\" content=\"https:\/\/canaldumidiexperience.fr\/wp-content\/uploads\/2025\/12\/AdobeStock_624856468-1024x576.jpeg\" \/>\n\t<meta property=\"og:image:width\" content=\"1024\" \/>\n\t<meta property=\"og:image:height\" content=\"576\" \/>\n\t<meta property=\"og:image:type\" content=\"image\/jpeg\" \/>\n<meta name=\"twitter:card\" content=\"summary_large_image\" \/>\n<meta name=\"twitter:label1\" content=\"Dur\u00e9e de lecture estim\u00e9e\" \/>\n\t<meta name=\"twitter:data1\" content=\"1 minute\" \/>\n<script type=\"application\/ld+json\" class=\"yoast-schema-graph\">{\"@context\":\"https:\\\/\\\/schema.org\",\"@graph\":[{\"@type\":\"WebPage\",\"@id\":\"https:\\\/\\\/canaldumidiexperience.fr\\\/?page_id=8431\",\"url\":\"https:\\\/\\\/canaldumidiexperience.fr\\\/?page_id=8431\",\"name\":\"H\u00e9bergement - Canal du Midi Experience\",\"isPartOf\":{\"@id\":\"https:\\\/\\\/canaldumidiexperience.fr\\\/#website\"},\"primaryImageOfPage\":{\"@id\":\"https:\\\/\\\/canaldumidiexperience.fr\\\/?page_id=8431#primaryimage\"},\"image\":{\"@id\":\"https:\\\/\\\/canaldumidiexperience.fr\\\/?page_id=8431#primaryimage\"},\"thumbnailUrl\":\"https:\\\/\\\/i0.wp.com\\\/canaldumidiexperience.fr\\\/wp-content\\\/uploads\\\/2025\\\/12\\\/AdobeStock_624856468.jpeg?fit=5000%2C2813&ssl=1\",\"datePublished\":\"2025-11-12T22:00:08+00:00\",\"dateModified\":\"2025-12-17T20:50:06+00:00\",\"description\":\"Pr\u00e9parez votre nuit d\u2019\u00e9tape \u00e0 Carcassonne pour la Canal du Midi Exp\u00e9rience : h\u00f4tels, g\u00eetes et campings partenaires \u00e0 proximit\u00e9 du parcours.\",\"breadcrumb\":{\"@id\":\"https:\\\/\\\/canaldumidiexperience.fr\\\/?page_id=8431#breadcrumb\"},\"inLanguage\":\"fr-FR\",\"potentialAction\":[{\"@type\":\"ReadAction\",\"target\":[\"https:\\\/\\\/canaldumidiexperience.fr\\\/?page_id=8431\"]}]},{\"@type\":\"ImageObject\",\"inLanguage\":\"fr-FR\",\"@id\":\"https:\\\/\\\/canaldumidiexperience.fr\\\/?page_id=8431#primaryimage\",\"url\":\"https:\\\/\\\/i0.wp.com\\\/canaldumidiexperience.fr\\\/wp-content\\\/uploads\\\/2025\\\/12\\\/AdobeStock_624856468.jpeg?fit=5000%2C2813&ssl=1\",\"contentUrl\":\"https:\\\/\\\/i0.wp.com\\\/canaldumidiexperience.fr\\\/wp-content\\\/uploads\\\/2025\\\/12\\\/AdobeStock_624856468.jpeg?fit=5000%2C2813&ssl=1\",\"width\":5000,\"height\":2813,\"caption\":\"An image of boats at canal Carcassonne France\"},{\"@type\":\"BreadcrumbList\",\"@id\":\"https:\\\/\\\/canaldumidiexperience.fr\\\/?page_id=8431#breadcrumb\",\"itemListElement\":[{\"@type\":\"ListItem\",\"position\":1,\"name\":\"Accueil\",\"item\":\"https:\\\/\\\/canaldumidiexperience.fr\\\/\"},{\"@type\":\"ListItem\",\"position\":2,\"name\":\"H\u00e9bergement\"}]},{\"@type\":\"WebSite\",\"@id\":\"https:\\\/\\\/canaldumidiexperience.fr\\\/#website\",\"url\":\"https:\\\/\\\/canaldumidiexperience.fr\\\/\",\"name\":\"Canal du Midi Experience\",\"description\":\"Une aventure sportive et solidaire le long du Canal du Midi.\",\"publisher\":{\"@id\":\"https:\\\/\\\/canaldumidiexperience.fr\\\/#organization\"},\"potentialAction\":[{\"@type\":\"SearchAction\",\"target\":{\"@type\":\"EntryPoint\",\"urlTemplate\":\"https:\\\/\\\/canaldumidiexperience.fr\\\/?s={search_term_string}\"},\"query-input\":{\"@type\":\"PropertyValueSpecification\",\"valueRequired\":true,\"valueName\":\"search_term_string\"}}],\"inLanguage\":\"fr-FR\"},{\"@type\":\"Organization\",\"@id\":\"https:\\\/\\\/canaldumidiexperience.fr\\\/#organization\",\"name\":\"Canal du Midi Experience\",\"url\":\"https:\\\/\\\/canaldumidiexperience.fr\\\/\",\"logo\":{\"@type\":\"ImageObject\",\"inLanguage\":\"fr-FR\",\"@id\":\"https:\\\/\\\/canaldumidiexperience.fr\\\/#\\\/schema\\\/logo\\\/image\\\/\",\"url\":\"https:\\\/\\\/canaldumidiexperience.fr\\\/wp-content\\\/uploads\\\/2025\\\/11\\\/cropped-logo-site-transparent-png.png\",\"contentUrl\":\"https:\\\/\\\/canaldumidiexperience.fr\\\/wp-content\\\/uploads\\\/2025\\\/11\\\/cropped-logo-site-transparent-png.png\",\"width\":512,\"height\":512,\"caption\":\"Canal du Midi Experience\"},\"image\":{\"@id\":\"https:\\\/\\\/canaldumidiexperience.fr\\\/#\\\/schema\\\/logo\\\/image\\\/\"}}]}<\/script>\n<!-- \/ Yoast SEO plugin. -->","yoast_head_json":{"title":"H\u00e9bergement - Canal du Midi Experience","description":"Pr\u00e9parez votre nuit d\u2019\u00e9tape \u00e0 Carcassonne pour la Canal du Midi Exp\u00e9rience : h\u00f4tels, g\u00eetes et campings partenaires \u00e0 proximit\u00e9 du parcours.","robots":{"index":"index","follow":"follow","max-snippet":"max-snippet:-1","max-image-preview":"max-image-preview:large","max-video-preview":"max-video-preview:-1"},"canonical":"https:\/\/canaldumidiexperience.fr\/?page_id=8431","og_locale":"fr_FR","og_type":"article","og_title":"H\u00e9bergement - Canal du Midi Experience","og_description":"Pr\u00e9parez votre nuit d\u2019\u00e9tape \u00e0 Carcassonne pour la Canal du Midi Exp\u00e9rience : h\u00f4tels, g\u00eetes et campings partenaires \u00e0 proximit\u00e9 du parcours.","og_url":"https:\/\/canaldumidiexperience.fr\/?page_id=8431","og_site_name":"Canal du Midi Experience","article_modified_time":"2025-12-17T20:50:06+00:00","og_image":[{"width":1024,"height":576,"url":"https:\/\/canaldumidiexperience.fr\/wp-content\/uploads\/2025\/12\/AdobeStock_624856468-1024x576.jpeg","type":"image\/jpeg"}],"twitter_card":"summary_large_image","twitter_misc":{"Dur\u00e9e de lecture estim\u00e9e":"1 minute"},"schema":{"@context":"https:\/\/schema.org","@graph":[{"@type":"WebPage","@id":"https:\/\/canaldumidiexperience.fr\/?page_id=8431","url":"https:\/\/canaldumidiexperience.fr\/?page_id=8431","name":"H\u00e9bergement - Canal du Midi Experience","isPartOf":{"@id":"https:\/\/canaldumidiexperience.fr\/#website"},"primaryImageOfPage":{"@id":"https:\/\/canaldumidiexperience.fr\/?page_id=8431#primaryimage"},"image":{"@id":"https:\/\/canaldumidiexperience.fr\/?page_id=8431#primaryimage"},"thumbnailUrl":"https:\/\/i0.wp.com\/canaldumidiexperience.fr\/wp-content\/uploads\/2025\/12\/AdobeStock_624856468.jpeg?fit=5000%2C2813&ssl=1","datePublished":"2025-11-12T22:00:08+00:00","dateModified":"2025-12-17T20:50:06+00:00","description":"Pr\u00e9parez votre nuit d\u2019\u00e9tape \u00e0 Carcassonne pour la Canal du Midi Exp\u00e9rience : h\u00f4tels, g\u00eetes et campings partenaires \u00e0 proximit\u00e9 du parcours.","breadcrumb":{"@id":"https:\/\/canaldumidiexperience.fr\/?page_id=8431#breadcrumb"},"inLanguage":"fr-FR","potentialAction":[{"@type":"ReadAction","target":["https:\/\/canaldumidiexperience.fr\/?page_id=8431"]}]},{"@type":"ImageObject","inLanguage":"fr-FR","@id":"https:\/\/canaldumidiexperience.fr\/?page_id=8431#primaryimage","url":"https:\/\/i0.wp.com\/canaldumidiexperience.fr\/wp-content\/uploads\/2025\/12\/AdobeStock_624856468.jpeg?fit=5000%2C2813&ssl=1","contentUrl":"https:\/\/i0.wp.com\/canaldumidiexperience.fr\/wp-content\/uploads\/2025\/12\/AdobeStock_624856468.jpeg?fit=5000%2C2813&ssl=1","width":5000,"height":2813,"caption":"An image of boats at canal Carcassonne France"},{"@type":"BreadcrumbList","@id":"https:\/\/canaldumidiexperience.fr\/?page_id=8431#breadcrumb","itemListElement":[{"@type":"ListItem","position":1,"name":"Accueil","item":"https:\/\/canaldumidiexperience.fr\/"},{"@type":"ListItem","position":2,"name":"H\u00e9bergement"}]},{"@type":"WebSite","@id":"https:\/\/canaldumidiexperience.fr\/#website","url":"https:\/\/canaldumidiexperience.fr\/","name":"Canal du Midi Experience","description":"Une aventure sportive et solidaire le long du Canal du Midi.","publisher":{"@id":"https:\/\/canaldumidiexperience.fr\/#organization"},"potentialAction":[{"@type":"SearchAction","target":{"@type":"EntryPoint","urlTemplate":"https:\/\/canaldumidiexperience.fr\/?s={search_term_string}"},"query-input":{"@type":"PropertyValueSpecification","valueRequired":true,"valueName":"search_term_string"}}],"inLanguage":"fr-FR"},{"@type":"Organization","@id":"https:\/\/canaldumidiexperience.fr\/#organization","name":"Canal du Midi Experience","url":"https:\/\/canaldumidiexperience.fr\/","logo":{"@type":"ImageObject","inLanguage":"fr-FR","@id":"https:\/\/canaldumidiexperience.fr\/#\/schema\/logo\/image\/","url":"https:\/\/canaldumidiexperience.fr\/wp-content\/uploads\/2025\/11\/cropped-logo-site-transparent-png.png","contentUrl":"https:\/\/canaldumidiexperience.fr\/wp-content\/uploads\/2025\/11\/cropped-logo-site-transparent-png.png","width":512,"height":512,"caption":"Canal du Midi Experience"},"image":{"@id":"https:\/\/canaldumidiexperience.fr\/#\/schema\/logo\/image\/"}}]}},"jetpack_likes_enabled":true,"jetpack_sharing_enabled":true,"jetpack_shortlink":"https:\/\/wp.me\/PgTZ8a-2bZ","jetpack-related-posts":[],"_links":{"self":[{"href":"https:\/\/canaldumidiexperience.fr\/index.php?rest_route=\/wp\/v2\/pages\/8431","targetHints":{"allow":["GET"]}}],"collection":[{"href":"https:\/\/canaldumidiexperience.fr\/index.php?rest_route=\/wp\/v2\/pages"}],"about":[{"href":"https:\/\/canaldumidiexperience.fr\/index.php?rest_route=\/wp\/v2\/types\/page"}],"author":[{"embeddable":true,"href":"https:\/\/canaldumidiexperience.fr\/index.php?rest_route=\/wp\/v2\/users\/273367569"}],"replies":[{"embeddable":true,"href":"https:\/\/canaldumidiexperience.fr\/index.php?rest_route=%2Fwp%2Fv2%2Fcomments&post=8431"}],"version-history":[{"count":8,"href":"https:\/\/canaldumidiexperience.fr\/index.php?rest_route=\/wp\/v2\/pages\/8431\/revisions"}],"predecessor-version":[{"id":8957,"href":"https:\/\/canaldumidiexperience.fr\/index.php?rest_route=\/wp\/v2\/pages\/8431\/revisions\/8957"}],"wp:featuredmedia":[{"embeddable":true,"href":"https:\/\/canaldumidiexperience.fr\/index.php?rest_route=\/wp\/v2\/media\/8782"}],"wp:attachment":[{"href":"https:\/\/canaldumidiexperience.fr\/index.php?rest_route=%2Fwp%2Fv2%2Fmedia&parent=8431"}],"curies":[{"name":"wp","href":"https:\/\/api.w.org\/{rel}","templated":true}]}}